31
In base 7, what is -2401122 + 5?
-2401114
In base 15, what is -8e3 + -11?
-904
In base 8, what is -137 + -1246?
-1405
In base 3, what is -2021201111 + -12?
-2021201200
In base 9, what is -144 - -371?
226
In base 12, what is 11 + -52aa1?
-52a90
In base 2, what is -100100 + 11010001110111?
11010001010011
In base 8, what is 3 - -25200?
25203
In base 16, what is -31 - -44e?
41d
In base 13, what is -5 - -83702?
836ca
In base 6, what is -330241 + -41?
-330322
In base 2, what is 101 - -1100000101010?
1100000101111
In base 15, what is 25ae9 + -3?
25ae6
In base 13, what is 5 - 3893?
-388b
In base 16, what is -157 + -8ab?
-a02
In base 7, what is -2504221 - -6?
-2504212
In base 10, what is 8042 + 4?
8046
In base 5, what is -33102012 - 1?
-33102013
In base 7, what is 3 + 340252?
340255
In base 11, what is 33a00 - 1?
339aa
In base 9, what is -4 + 16855?
16851
In base 8, what is -2033 - 115?
-2150
In base 8, what is 63120 - -11?
63131
In base 5, what is 11222421 + 1?
11222422
In base 4, what is 2012100330 + -2?
2012100322
In base 14, what is 8 - 0?
8
In base 8, what is 1301327 - -4?
1301333
In base 15, what is -3 + 1b44?
1b41
In base 16, what is -c - 36eda?
-36ee6
In base 2, what is 101010001 - 101011?
100100110
In base 9, what is 354 - 16?
337
In base 7, what is -1 - 26561?
-26562
In base 10, what is -46 - 5760?
-5806
In base 14, what is -4097 + 29?
-406c
In base 5, what is -110 - 14333?
-14443
In base 8, what is -6312 + 15?
-6275
In base 3, what is 2100200200 + 12?
2100200212
In base 9, what is -857004 + -1?
-857005
In base 16, what is 7 - 6962e?
-69627
In base 4, what is -21 + -200021331?
-200022012
In base 11, what is 10923 + 9?
10931
In base 6, what is -232 - 15212?
-15444
In base 9, what is 31728 - 4?
31724
In base 9, what is 1648 + -4368?
-2620
In base 9, what is 254 - 5?
248
In base 11, what is 93259 - -3?
93261
In base 8, what is 37 - -3530?
3567
In base 8, what is 3 + -17415?
-17412
In base 4, what is -212033 + -1002?
-213101
In base 13, what is -1 - -18157?
18156
In base 9, what is 102 - 13108?
-13006
In base 4, what is -2 - 201302232?
-201302300
In base 7, what is -330320 - -5?
-330312
In base 7, what is -366500 + -1?
-366501
In base 13, what is 59237 - 3?
59234
In base 7, what is -12 - -12360?
12345
In base 13, what is -6c84b + -2?
-6c850
In base 16, what is 478 + -8?
470
In base 7, what is 135436 - 12?
135424
In base 10, what is -3 - -30493?
30490
In base 4, what is 121311 + 10?
121321
In base 10, what is 320 + 118?
438
In base 16, what is 111998 + -2?
111996
In base 3, what is -21111100120 - 12?
-21111100202
In base 14, what is -11a7 + 0?
-11a7
In base 4, what is -32 + 2131102?
2131010
In base 4, what is -20012 - 1110?
-21122
In base 15, what is -38e8c - 5?
-38e92
In base 8, what is -624 - 67?
-713
In base 7, what is 2 + 5014?
5016
In base 6, what is -151441 - -501?
-150540
In base 14, what is 9 + -62?
-57
In base 3, what is 1201 - -10020000?
10021201
In base 2, what is -11011111100 - 11100?
-11100011000
In base 11, what is -9836a + -2?
-98371
In base 11, what is 137320 - -1?
137321
In base 8, what is -51 - -6?
-43
In base 10, what is 96672 - -4?
96676
In base 15, what is 4 + -6393?
-638e
In base 3, what is 20 + 21122121121?
21122121211
In base 5, what is 0 + 12020?
12020
In base 6, what is -4434 + -1452?
-10330
In base 8, what is -36724 - -172?
-36532
In base 16, what is -9 - -182b?
1822
In base 3, what is -200 + 1110212?
1110012
In base 2, what is 1001001 + 101000000100100?
101000001101101
In base 6, what is 115 - -25003?
25122
In base 8, what is -5 - -37712?
37705
In base 14, what is -1 + 42c22?
42c21
In base 4, what is -13210121 + -2?
-13210123
In base 12, what is -5 + 3550?
3547
In base 3, what is -102 + 11210201?
11210022
In base 2, what is -10101 + -10111111101011110?
-10111111101110011
In base 8, what is 103347 + 1?
103350
In base 7, what is -4235244 - -2?
-4235242
In base 12, what is -4 + -62348?
-62350
In base 14, what is -148 + 97?
-91
In base 2, what is 1000001111 - -10001110111?
11010000110
In base 7, what is 46621 - -1?
46622
In base 8, what is -3 - -4254540?
4254535
In base 11, what is a4 + -a86?
-992
In base 16, what is -3 + 15af0?
15aed
In base 13, what is -17c5 + -3?
-17c8
In base 14, what is 2a + 30aa2?
30acc
In base 3, what is -1 - -111002100022?
111002100021
In base 4, what is -3 - 22012102?
-22012111
In base 11, what is -8699a + -1?
-869a0
In base 4, what is 13110333122 + 11?
13110333133
In base 10, what is -51 + 1367?
1316
In base 14, what is -113 + -2508?
-261b
In base 13, what is -10 + 436?
426
In base 5, what is -342014 - -214?
-341300
In base 11, what is 5 + -8158?
-8153
In base 7, what is 4156 + 33?
4222
In base 2, what is 1011000010111 - 10101101?
1010101101010
In base 9, what is -372 + -64?
-446
In base 2, what is 0 + -110001011100010?
-110001011100010
In base 5, what is -1201 - -144304?
143103
In base 16, what is 1 + -19a1a?
-19a19
In base 11, what is -1507a - -1?
-15079
In base 6, what is 0 - -302041?
302041
In base 10, what is 1 + 2017?
2018
In base 4, what is 22 - 1130322022?
-1130322000
In base 13, what is -ca + -568?
-665
In base 15, what is 564 - 470?
e4
In base 15, what is 2ed + 137?
435
In base 10, what is -2 - 176231?
-176233
In base 6, what is -3 - 131430?
-131433
In base 15, what is -2d921 + e?
-2d912
In base 3, what is -11010100112 - 2?
-11010100121
In base 4, what is 22302 - -320?
23222
In base 9, what is -1417 + -4?
-1422
In base 4, what is 2 + 1211310?
1211312
In base 3, what is 11200 + -12102000?
-12020100
In base 11, what is 3 - 7449?
-7446
In base 7, what is 2324 + 2150?
4504
In base 8, what is -4 + 673?
667
In base 4, what is -301 + 201221013?
201220112
In base 4, what is 1120031 - -1110?
1121201
In base 6, what is 4 + -31144?
-31140
In base 6, what is 1 + -3512155?
-3512154
In base 3, what is -12 + 101221?
101202
In base 4, what is -10001000 - -13?
-10000321
In base 10, what is -594 - -212?
-382
In base 10, what is -33262 - 0?
-33262
In base 2, what is 100010101101010110 + -11?
100010101101010011
In base 15, what is 4 - 50911?
-5090c
In base 13, what is -713a - -a?
-7130
In base 10, what is 4 + -92230?
-92226
In base 13, what is 1 + 2c1b?
2c1c
In base 11, what is 3a13 - 21?
39a2
In base 2, what is 110000000110010000 - 101?
110000000110001011
In base 8, what is -162471 + 3?
-162466
In base 13, what is -1a1 - -2b84?
29b3
In base 9, what is -266546 - -2?
-266544
In base 6, what is -44152 + 4?
-44144
In base 6, what is -20125 - -34?
-20051
In base 16, what is 7 + 39a2c?
39a33
In base 9, what is -41223 + -2?
-41225
In base 4, what is -3010023 - 11231?
-3021320
In base 10, what is 644057 + -4?
644053
In base 9, what is 2187 - 3?
2184
In base 15, what is -494e + 7?
-4947
In base 12, what is 21 - 2a7a?
-2a59
In base 14, what is 1c - -656?
674
In base 7, what is 15 + -2436?
-2421
In base 16, what is -23df - f5?
-24d4
In base 7, what is -654 - 306?
-1263
In base 13, what is 164 - 23?
141
In base 8, what is 6 + -303?
-275
In base 5, what is -3302 - -1212?
-2040
In base 2, what is 110000010111 - 10110?
110000000001
In base 6, what is 2432151 - -11?
2432202
In base 5, what is -30000 - 24?
-30024
In base 9, what is -537864 + 2?
-537862
In base 6, what is 124020443 + 0?
124020443
In base 15, what is 5 - -18b2?
18b7
In base 2, what is 11011000 - -10000?
11101000
In base 3, what is 20 - -21120010?
21120100
In base 11, what is 7633 - 2?
7631
In base 12, what is -11990 + 6?
-11986
In base 14, what is 3 + 269c53?
269c56
In base 4, what is 210022 + -2123?
201233
In base 3, what is 11002220 + -20?
11002200
In base 8, what is 5 - -5034211?
5034216
In base 15, what is -4 + -26638?
-2663c
In base 14, what is 7854 + -2b?
7827
In base 2, what is 11001011100100010 + -11?
11001011100011111
In base 8, what is 13375 - 146?
13227
In base 15, what is 36a4 - -a?
36ae
In base 8, what is -374422 - -14?
-374406
In base 13, what is 4 + -732a1?
-7329a
In base 12, what is -1067ab7 - 3?
-1067aba
In base 3, what is -1120122 + 120122?
-1000000
In base 8, what is 3 - -71554?
71557
In base 2, what is 110 + 111101101000?
111101101110
In base 7, what is -32111 - -1255?
-30523
In base 10, what is -2922 - -3?
-2919
In base 2, what is 1111 + 1100100000010?
1100100010001
In base 8, what is 0 + 3454464?
3454464
In base 5, what is 43133